Let h be -2 + (-2 - 2) + -4. Is (-3)/15 - 3072/h a prime number?
True
Let m be 0 + 0*1/(-5). Suppose -8*d + 29195 - 5307 = m. Is d a composite number?
True
Let c(s) = -186*s - 235. Suppose 2*y + l + 29 = 0, 25*l = -2*y + 27*l - 44. Is c(y) composite?
False
Suppose -1 = -5*n + 4, 0 = 2*i + 5*n - 1. Let b(m) = 2*m**2 - 70*m + 40. Let z be b(34). Is i/7 + (-7260)/z a prime number?
False
Suppose -4*l + 106913 = -u + 1250140, 3*u = 4*l + 3429681. Is u a prime number?
True
Let m(i) = -5*i - 3*i - 3*i + 284*i**2 + 12*i + 1. Let v be m(-2). Suppose 4*n - 2*g - 2158 = 0, -3*n + 471 = g - v. Is n a prime number?
False
Let m be 29 + -2 - (-8)/((-40)/(-5)). Let t = 509 - m. Is t a composite number?
True
Let i be (-1794)/(-161)*7/1. Let p = i - 73. Is 3759/6*10/p a prime number?
False
Suppose 48*y + 2877823 = 4626290 + 5524061. Is y prime?
False
Let a = 108715 - -48976. Is a composite?
True
Let y(s) = 7*s**2 + 9*s + 12. Let q be y(-2). Is 12/66 - (-2)/q*94169 composite?
True
Let i = 79504 + -699. Is i prime?
False
Let x = -54980 + 102746. Suppose -19*j = -0*j - x. Suppose -700 + j = 2*p. Is p prime?
True
Let u(s) = -2*s**3 - 20*s**2 + 21*s - 3. Let m be u(-11). Suppose 75951 = 19*i + m*i. Is i composite?
True
Suppose -q - 103559 = -4*h, -55*q - 5 = -56*q. Is h composite?
True
Is ((-29 - -28)/(1/14))/(4/(-6158)) a prime number?
False
Let i = 156 - 144. Suppose -g = s - 8926, 7*g - 17831 = -2*s + i*g. Is s a prime number?
True
Let u(i) = i**2 + 3*i - 53. Let p be u(6). Let h(l) = 37039*l**2 - 5*l + 5. Is h(p) prime?
True
Let w(m) = 17577*m**2 + 127*m - 23. Is w(4) prime?
True
Let u = -34684 + 120323. Is u a composite number?
False
Suppose -4*m - 2*b - 1149 = b, -1148 = 4*m + 4*b. Let y = 560 + m. Let l = 219 + y. Is l a composite number?
False
Is 311719/((-15)/(-10) - (-3)/(-6)) a prime number?
False
Let a(b) = -10 + 6*b - 4*b + 0*b - b. Let g be a(13). Is 1501 + g + 1 + -6 a prime number?
True
Suppose 5*v - 2*j + 8 - 27 = 0, 0 = -3*j + 9. Suppose v*i + 25 = -5. Is ((-5469)/9)/(1*2/i) a prime number?
True
Let u(d) = -d**2 - 12*d - 33. Let f be u(-5). Is (f/(-8))/((-16)/160192) prime?
True
Let f be (-364172)/(-16) + (-11)/(-44). Let c = f + -9010. Is c prime?
True
Let c(b) be the first derivative of -11*b**2/2 - 58*b + 43. Let u be c(-6). Let d = u - -243. Is d composite?
False
Let c = -2763 - -121892. Is c prime?
True
Let j(f) = -22*f - 17. Suppose -4*i - u - 18 + 61 = 0, 0 = i - 2*u - 4. Let v be j(i). Let h = 820 + v. Is h composite?
True
Let z(h) = -59*h**3 - 9*h**2 - 3*h + 58. Is z(-15) a composite number?
False
Suppose 0 = -4*o - 4*s + 4592, -4*o - 2*s + 2400 = -2198. Let g = o + -764. Suppose 2*i + 198 + g = 5*m, 3*m = -2*i + 367. Is m a prime number?
False
Let i(f) = 19*f + 4. Let r(d) = -d**2 + d + 2. Let m be r(2). Suppose -5*o = -y + 31, 4*y + m*o + 1 = -5*o. Is i(y) composite?
True
Let b = 219 + -212. Suppose -51353 = -b*f + 13488. Is f a prime number?
False
Suppose -3*d - 4*r = 20, -5*d + 10 + 0 = -2*r. Suppose -2*o - 2880 = g, 5*o + d*o + 7186 = g. Is o*(-3 - 10/(-4)) prime?
True
Is ((-383718)/465)/((-14)/8785) a prime number?
False
Let p(t) = 39385*t**2 + 12*t + 12. Is p(-3) prime?
False
Is (61962/(-2) + -1)*(20 + (-1025)/50) a composite number?
True
Let c be -1*(-515 + 30/(-5)). Suppose 2*a + 2*r = -3*r - 605, 1541 = -5*a - 3*r. Let h = a + c. Is h prime?
True
Suppose 40 = 5*f - 10. Suppose -3*a - u + 11 = 0, f = 2*a + u - 3*u. Let j(k) = 104*k**2 - 2*k - 5. Is j(a) composite?
True
Suppose -15*i + 14*i = 0. Suppose 75*v - 90*v + 103245 = i. Is v a composite number?
False
Let t be -3*3/18*0. Suppose t = 7*g - 6*g + 5*y + 990, -4*g = -4*y + 3912. Let u = 2883 + g. Is u prime?
False
Suppose -4*b + 18458 = 4*i - 58918, -96725 = -5*i - 4*b. Is i composite?
True
Is (402/18)/(3/12249) a prime number?
False
Is (-4 + (-99928)/24)/((-2)/12) composite?
True
Let m be 4462/(-97)*(-1 - 2/(-4)). Let b(x) = 38*x + 129. Is b(m) composite?
True
Let s = -635 + 1853. Let j = 2285 - s. Is j a prime number?
False
Let l(z) be the first derivative of 95*z**2/2 - 17*z - 9. Let m be l(11). Let j = m - 189. Is j a composite number?
False
Suppose 4*d = -2*m + 16, -17*d - 3*m + 12 = -14*d. Suppose -47906 = -d*b + 5*i + 38987, i + 43451 = 2*b. Is b prime?
True
Suppose 2*c - 14885 = 26093. Is c prime?
False
Suppose -4*n + n = 4*n. Suppose n*l = l - 0*l. Suppose 5*p = -h + 149, p + l*p - 137 = -h. Is h composite?
True
Let g(o) = -8*o**2 - 8*o - 4. Let a be g(-3). Let y be a/((12/(-10))/(-3)). Let s = -1 - y. Is s composite?
True
Suppose 0 = -m - 26 + 26. Suppose g - 4 = m, 2*g - 5*g = 3*y - 4029. Is y a composite number?
True
Let n = -991702 + 1667861. Is n prime?
False
Suppose 65 - 5 = 4*y + 4*d, y + 2*d - 14 = 0. Is (-2)/(-16) + 21390/y prime?
False
Let g = 30305 + 116286. Is g a composite number?
True
Is ((-64382108)/42)/19*-3 composite?
True
Let r(o) = -179*o - 6. Let y be r(8). Suppose 18*w + 29270 = -7108. Let a = y - w. Is a a composite number?
True
Suppose 159*o - 1090872 + 590378 - 967553 = 0. Is o prime?
False
Suppose 0 = -2*a - 0*o + o - 122, 5*a + 306 = 2*o. Let s = a + 48. Let b(y) = y**3 + 18*y**2 - 4*y + 37. Is b(s) prime?
True
Suppose -13*c + 9*c + 20100 = 0. Suppose 0 = 6*z + 9*z - c. Is z composite?
True
Suppose 5*v - 75691 = -2*f, -9 = -4*v + 11. Suppose d - 12815 = 2*z, -4*d + f = 4*z - 13403. Is d composite?
True
Let p(i) = 43*i**2 + 22*i - 17. Let k be (25/(225/216))/3. Is p(k) a prime number?
False
Suppose -446254 = -6*r + 749228. Is r a composite number?
False
Let q = -2369 - -1381. Let c = q + -327. Is 7/(1*(-5)/c) composite?
True
Let n be ((-8440)/6)/(-1) + 9/27. Let c = n - 784. Is c a prime number?
False
Let d(s) = 1464*s**2 - s + 2. Suppose 0 = -6*y - 2*y + 64. Suppose -y = z - 9. Is d(z) a prime number?
False
Suppose 2*d - 7*d + 2 = -4*o, -2*o = -4*d + 4. Suppose 5*h - 4*l = 8, d*l - 15 = -2*h - 1. Suppose -h*y - 188 = -6*y. Is y a prime number?
False
Let t(n) = n**3 - 14*n**2 - 16*n - 3. Let k be t(15). Let u = k - -15. Is (-4782)/(u - -1) + 2 composite?
False
Let c(s) = -2*s**2 + 19*s - 24. Let f be c(9). Let u(j) = -45*j - 1. Is u(f) a composite number?
True
Let a = 298764 + -59797. Is a prime?
True
Suppose 0 = 2180*x - 2191*x + 15141533. Is x composite?
False
Let o(m) = 561*m**2 + 101*m + 61. Is o(-16) prime?
True
Let p(n) = n**3 - 7*n**2 - 8*n + 10. Let l be p(8). Let c(d) = -l*d - 30 - 2*d**3 + 17 - 13*d**2 + 0*d**3. Is c(-8) composite?
True
Let l = 1078068 - -2633171. Is l prime?
False
Let a = -38814 - -91457. Is a composite?
True
Let t(u) = 12*u**3 + 3*u**2 - 23*u - 31. Suppose 3*i = 6 + 18. Is t(i) composite?
False
Let o = -44 - -61. Suppose -a - o = 4. Is -1 - a - (-1 + -11)/6 composite?
True
Let z = 59439 - -198992. Is z a composite number?
True
Suppose 4453 = 4*u - 25167. Suppose 19*l = 14*l + u. Is l prime?
True
Let r(b) = -191*b**3 + b**2 - 1. Suppose 3*t + 39 = 4*c - 17, 3*c + 4*t - 17 = 0. Let j be c/(-9) + (-6)/(-27). Is r(j) prime?
True
Let h = 15209 - 5581. Suppose -19*a = -23*a + h. Is a composite?
True
Let i(q) = -23401*q**2 + 5*q + 5. Let s(g) = -46802*g**2 + 9*g + 9. Let b(o) = 11*i(o) - 6*s(o). Is b(-1) composite?
True
Suppose -b + 7 = 5. Suppose -b*p = -p + 3. Is 235*(p + 4)/1 composite?
True
Let d = 35127 - -37372. Is d prime?
False
Suppose 3*b - 24510 - 13236 = -5*j, -b = -4*j - 12599. Is b a composite number?
True
Let w = 519534 - 160705. Is w a prime number?
True
Let o be -6*8/12 + 6. Is (4/8)/(o/57068) prime?
False
Let t be (-108)/(-21) - (-3 - 88/(-28)). Suppose 0 = -f - 5*k + 1872, k = t*f - 5954 - 3458. Is f a prime number?
False
Let p = -2192 + 4775. Let m(w) = 3*w**2 + 4*w + 6. Let n be m(-2). Suppose -v + n*v = p. Is v prime?
False
Suppose 10*r - 12*r - w = -683363, 4*r = -4*w + 1366728. Is r a prime number?
True
Let k = -34 + 36. Suppose k*s = -2*s - 3*u + 3, 0 = 4*s - 4*u + 4. Suppose 7*b + 647 - 1620 = s. Is b a composite number?
False
Let q(l) = 64*l + 3. Let s(d) = -7*d - 45. Let z be s(-7). Suppose 9 = z*k - 19. Is q(k) a prime number?
False
Let d(g) = 200*g**2 + 3*g - 5. Let r(s) = 201*s**2 + 4*s - 4. Let l(b) = 3*d(b) - 2*r(b). Let j be l(-3). Let q = j - 838. Is q composite?
True
Let x be (-2)/13 + (-2255)/(-715). Suppose -j - 28460 = -3*j - x*k, -5*j + 5*k + 71125 = 0. Is j a composite number?
T